{"id":19,"date":"2015-08-04T18:09:01","date_gmt":"2015-08-04T18:09:01","guid":{"rendered":"http:\/\/agenciafan.com.ar\/2016\/?page_id=19"},"modified":"2020-04-30T02:04:57","modified_gmt":"2020-04-30T05:04:57","slug":"hacemos","status":"publish","type":"page","link":"http:\/\/agenciafan.com.ar\/2016\/hacemos\/","title":{"rendered":""},"content":{"rendered":"<p>[vc_row][vc_column][vc_empty_space][\/vc_column][\/vc_row][vc_row el_id=\u00bbto\u00bb][vc_column width=\u00bb1\/3&#8243;][vc_column_text css_animation=\u00bbtop-to-bottom\u00bb]<\/p>\n<h2>Hacemos<\/h2>\n<p>[\/vc_column_text][\/vc_column][vc_column width=\u00bb1\/3&#8243;][\/vc_column][vc_column width=\u00bb1\/3&#8243;][\/vc_column][\/vc_row][vc_row][vc_column width=\u00bb1\/6&#8243;][\/vc_column][vc_column width=\u00bb1\/6&#8243;][vc_single_image image=\u00bb809&#8243; alignment=\u00bbcenter\u00bb css_animation=\u00bbtop-to-bottom\u00bb][\/vc_column][vc_column width=\u00bb1\/2&#8243;][vc_column_text css_animation=\u00bbtop-to-bottom\u00bb]<\/p>\n<h3><span style=\"color: #808080;\">Tienda Online<\/span><\/h3>\n<h4 style=\"margin: 0cm; margin-bottom: .0001pt; line-height: 18.75pt; background: white; vertical-align: baseline;\"><\/h4>\n<p>&nbsp;<\/p>\n<h4 style=\"margin: 0cm; margin-bottom: .0001pt; line-height: 18.75pt; background: white; vertical-align: baseline;\"><span style=\"color: gray;\">Dise\u00f1amos y ponemos en marcha tu <strong>Tienda Online<\/strong> de <strong>e-comerce<\/strong> con pasarelas de pagos de <strong>Mercado Pago<\/strong>, <strong>PayU<\/strong>, <strong>Todo Pago <\/strong>y Paypal.<\/span><\/h4>\n<h4 style=\"margin: 0cm; margin-bottom: .0001pt; line-height: 18.75pt; background: white; vertical-align: baseline;\"><span style=\"color: gray;\"><br \/>\nTambi\u00e9n gestionamos tu plataforma y desarrollamos estrategias de marketing digital para que puedas enfocarte en tu negocio, de todo lo dem\u00e1s nos encargamos nosotros <\/span><\/h4>\n<h4 style=\"text-align: left;\"><span style=\"color: #808080;\">\u00a0<\/span><\/h4>\n<p>[\/vc_column_text][vc_btn title=\u00bbProbar Tienda Online\u00bb style=\u00bboutline\u00bb color=\u00bbsuccess\u00bb css_animation=\u00bbtop-to-bottom\u00bb link=\u00bburl:http%3A%2F%2Fagenciafan.ar%2Fdemo%2F||target:%20_blank|\u00bb][\/vc_column][vc_column width=\u00bb1\/6&#8243;][\/vc_column][\/vc_row][vc_row el_id=\u00bbmkd\u00bb][vc_column][vc_empty_space][vc_separator style=\u00bbshadow\u00bb el_width=\u00bb70&#8243;][vc_empty_space height=\u00bb15px\u00bb][\/vc_column][\/vc_row][vc_row el_id=\u00bbmkd\u00bb][vc_column width=\u00bb1\/6&#8243;][\/vc_column][vc_column width=\u00bb1\/6&#8243;][vc_single_image image=\u00bb804&#8243; alignment=\u00bbcenter\u00bb css_animation=\u00bbtop-to-bottom\u00bb][\/vc_column][vc_column width=\u00bb1\/2&#8243;][vc_column_text css_animation=\u00bbtop-to-bottom\u00bb]<\/p>\n<h3><span style=\"color: #808080;\">Marketing Digital<\/span><\/h3>\n<p>&nbsp;<\/p>\n<h4><span style=\"color: #808080;\">Para lograr tus objetivos, trabajamos en el Desarrollo y programaci\u00f3n de campa\u00f1a con una combinaci\u00f3n de todas las herramientas de Google AdWords, Adsense, Red Display, Facebook Ads, Twitter Ads y Analytics. (somos profesionales certificados en <strong>Google AdWords<\/strong> y <strong>Facebook developers<\/strong>).<\/span><\/h4>\n<h4><span style=\"color: #808080;\">Optimizamos tu inversi\u00f3n publicitaria, gestionando el p\u00fablico, los anuncios y el medio, te asesoramos cu\u00e1l de las variantes de Google te conviene m\u00e1s, <strong>SEM<\/strong>, <strong>SEO<\/strong>, <strong>PPC<\/strong>, <strong>Remarketing<\/strong> o <strong>Display<\/strong>; Siempre asesorado por profesionales certificado por Google AdWords.<\/span><br \/>\n<span style=\"color: #808080;\"><br \/>\nPara lograr el impacto grafico necesario, nuestro equipo est\u00e1 compuesto por <strong>t\u00e9cnicos<\/strong> y <strong>licenciados en dise\u00f1o<\/strong> y comunicaci\u00f3n visual, con amplia experiencia en Publicidad Digitales.<\/span><\/h4>\n<p>[\/vc_column_text][\/vc_column][vc_column width=\u00bb1\/6&#8243;][\/vc_column][\/vc_row][vc_row el_id=\u00bbcsm\u00bb][vc_column][vc_empty_space][vc_separator style=\u00bbshadow\u00bb el_width=\u00bb70&#8243;][vc_empty_space height=\u00bb15px\u00bb][\/vc_column][\/vc_row][vc_row][vc_column width=\u00bb1\/6&#8243;][\/vc_column][vc_column width=\u00bb1\/6&#8243;][vc_single_image image=\u00bb806&#8243; alignment=\u00bbcenter\u00bb css_animation=\u00bbtop-to-bottom\u00bb][\/vc_column][vc_column width=\u00bb1\/2&#8243;][vc_column_text css_animation=\u00bbtop-to-bottom\u00bb]<\/p>\n<h3><span style=\"color: #808080;\">Contenido Social Media<\/span><\/h3>\n<p>&nbsp;<\/p>\n<h4 style=\"text-align: left;\"><span style=\"color: #808080;\">Con nuestro equipo especializado en <strong>Creatividad<\/strong> y <strong>Dise\u00f1o Digital<\/strong>, No solo desarrollamos las piezas para las redes sociales que necesites, Tambi\u00e9n generamos las acciones creativas necesarias, porque como ya sabes cada red social tiene su formato y lenguaje propio. <\/span><\/h4>\n<p>[\/vc_column_text][vc_btn title=\u00bbVer Portfolio\u00bb style=\u00bboutline\u00bb color=\u00bbprimary\u00bb css_animation=\u00bbtop-to-bottom\u00bb link=\u00bburl:http%3A%2F%2Fagenciafan.com.ar%2F2016%2Fportfolio%2F%23cd|||\u00bb][\/vc_column][vc_column width=\u00bb1\/6&#8243;][\/vc_column][\/vc_row][vc_row el_id=\u00bbim\u00bb][vc_column][vc_empty_space][vc_separator style=\u00bbshadow\u00bb el_width=\u00bb70&#8243;][vc_empty_space height=\u00bb15px\u00bb][\/vc_column][\/vc_row][vc_row][vc_column width=\u00bb1\/6&#8243;][\/vc_column][vc_column width=\u00bb1\/6&#8243;][vc_single_image image=\u00bb811&#8243; alignment=\u00bbcenter\u00bb css_animation=\u00bbtop-to-bottom\u00bb][\/vc_column][vc_column width=\u00bb1\/2&#8243;][vc_column_text css_animation=\u00bbtop-to-bottom\u00bb]<\/p>\n<h3><span style=\"color: #808080;\">Imagen de Marca<\/span><\/h3>\n<p>&nbsp;<\/p>\n<h4><span style=\"color: #808080;\">La imagen de marca es la percepci\u00f3n de la identidad de la marca en los consumidores y se puede definir como: \u201cEl conjunto de representaciones mentales, tanto cognitivas como afectivas, que una persona o un grupo de personas tiene frente a una marca o una empresa.<\/span><\/h4>\n<h4><span style=\"color: #808080;\">Se compone de un conjunto de elementos tangibles e intangibles, estos elementos pueden ser el nombre, logo, color corporativo, dise\u00f1o o los contenidos que genera la marca para transmitir los valores que las caracterizan.<\/span><\/h4>\n<h4><span style=\"color: #808080;\">Hoy en d\u00eda, la calidad de los productos y servicios que ofrece una empresa es importante, pero lo que hace a una marca diferenciarse de la competencia son las emociones, sentimientos y valores que transmiten a trav\u00e9s de la imagen de marca, estrategia y branding.<\/span><\/h4>\n<h4><span style=\"color: #808080;\">Al fin y al cabo, ya no se venden solo productos, sino sensaciones, experiencias y soluciones.<\/span><\/h4>\n<p>[\/vc_column_text][vc_btn title=\u00bbVer Portfolio\u00bb style=\u00bboutline\u00bb color=\u00bbwarning\u00bb css_animation=\u00bbtop-to-bottom\u00bb link=\u00bburl:http%3A%2F%2Fagenciafan.com.ar%2F2016%2Fportfolio%2F%23im|||\u00bb][\/vc_column][vc_column width=\u00bb1\/6&#8243;][\/vc_column][\/vc_row][vc_row][vc_column][vc_empty_space height=\u00bb128px\u00bb][\/vc_column][\/vc_row]<\/p>\n","protected":false},"excerpt":{"rendered":"<p>[vc_row][vc_column][vc_empty_space][\/vc_column][\/vc_row][vc_row el_id=\u00bbto\u00bb][vc_column width=\u00bb1\/3&#8243;][vc_column_text css_animation=\u00bbtop-to-bottom\u00bb] Hacemos [\/vc_column_text][\/vc_column][vc_column width=\u00bb1\/3&#8243;][\/vc_column][vc_column width=\u00bb1\/3&#8243;][\/vc_column][\/vc_row][vc_row][vc_column width=\u00bb1\/6&#8243;][\/vc_column][vc_column width=\u00bb1\/6&#8243;][vc_single_image image=\u00bb809&#8243; alignment=\u00bbcenter\u00bb css_animation=\u00bbtop-to-bottom\u00bb][\/vc_column][vc_column width=\u00bb1\/2&#8243;][vc_column_text css_animation=\u00bbtop-to-bottom\u00bb] Tienda Online &nbsp; Dise\u00f1amos y ponemos en marcha tu Tienda Online [&hellip;]<\/p>\n","protected":false},"author":2,"featured_media":0,"parent":0,"menu_order":0,"comment_status":"open","ping_status":"open","template":"","meta":{"footnotes":""},"class_list":["post-19","page","type-page","status-publish","hentry"],"_links":{"self":[{"href":"http:\/\/agenciafan.com.ar\/2016\/wp-json\/wp\/v2\/pages\/19","targetHints":{"allow":["GET"]}}],"collection":[{"href":"http:\/\/agenciafan.com.ar\/2016\/wp-json\/wp\/v2\/pages"}],"about":[{"href":"http:\/\/agenciafan.com.ar\/2016\/wp-json\/wp\/v2\/types\/page"}],"author":[{"embeddable":true,"href":"http:\/\/agenciafan.com.ar\/2016\/wp-json\/wp\/v2\/users\/2"}],"replies":[{"embeddable":true,"href":"http:\/\/agenciafan.com.ar\/2016\/wp-json\/wp\/v2\/comments?post=19"}],"version-history":[{"count":78,"href":"http:\/\/agenciafan.com.ar\/2016\/wp-json\/wp\/v2\/pages\/19\/revisions"}],"predecessor-version":[{"id":906,"href":"http:\/\/agenciafan.com.ar\/2016\/wp-json\/wp\/v2\/pages\/19\/revisions\/906"}],"wp:attachment":[{"href":"http:\/\/agenciafan.com.ar\/2016\/wp-json\/wp\/v2\/media?parent=19"}],"curies":[{"name":"wp","href":"https:\/\/api.w.org\/{rel}","templated":true}]}}

<p>[vc_row][vc_column][vc_empty_space][/vc_column][/vc_row][vc_row el_id=»to»][vc_column width=»1/3&#8243;][vc_column_text css_animation=»top-to-bottom»]</p>
<h2>Hacemos</h2>
<p>[/vc_column_text][/vc_column][vc_column width=»1/3&#8243;][/vc_column][vc_column width=»1/3&#8243;][/vc_column][/vc_row][vc_row][vc_column width=»1/6&#8243;][/vc_column][vc_column width=»1/6&#8243;][vc_single_image image=»809&#8243; alignment=»center» css_animation=»top-to-bottom»][/vc_column][vc_column width=»1/2&#8243;][vc_column_text css_animation=»top-to-bottom»]</p>
<h3><span style="color: #808080;">Tienda Online</span></h3>
<h4 style="margin: 0cm; margin-bottom: .0001pt; line-height: 18.75pt; background: white; vertical-align: baseline;"></h4>
<p>&nbsp;</p>
<h4 style="margin: 0cm; margin-bottom: .0001pt; line-height: 18.75pt; background: white; vertical-align: baseline;"><span style="color: gray;">Diseñamos y ponemos en marcha tu <strong>Tienda Online</strong> de <strong>e-comerce</strong> con pasarelas de pagos de <strong>Mercado Pago</strong>, <strong>PayU</strong>, <strong>Todo Pago </strong>y Paypal.</span></h4>
<h4 style="margin: 0cm; margin-bottom: .0001pt; line-height: 18.75pt; background: white; vertical-align: baseline;"><span style="color: gray;"><br />
También gestionamos tu plataforma y desarrollamos estrategias de marketing digital para que puedas enfocarte en tu negocio, de todo lo demás nos encargamos nosotros </span></h4>
<h4 style="text-align: left;"><span style="color: #808080;"> </span></h4>
<p>[/vc_column_text][vc_btn title=»Probar Tienda Online» style=»outline» color=»success» css_animation=»top-to-bottom» link=»url:http%3A%2F%2Fagenciafan.ar%2Fdemo%2F||target:%20_blank|»][/vc_column][vc_column width=»1/6&#8243;][/vc_column][/vc_row][vc_row el_id=»mkd»][vc_column][vc_empty_space][vc_separator style=»shadow» el_width=»70&#8243;][vc_empty_space height=»15px»][/vc_column][/vc_row][vc_row el_id=»mkd»][vc_column width=»1/6&#8243;][/vc_column][vc_column width=»1/6&#8243;][vc_single_image image=»804&#8243; alignment=»center» css_animation=»top-to-bottom»][/vc_column][vc_column width=»1/2&#8243;][vc_column_text css_animation=»top-to-bottom»]</p>
<h3><span style="color: #808080;">Marketing Digital</span></h3>
<p>&nbsp;</p>
<h4><span style="color: #808080;">Para lograr tus objetivos, trabajamos en el Desarrollo y programación de campaña con una combinación de todas las herramientas de Google AdWords, Adsense, Red Display, Facebook Ads, Twitter Ads y Analytics. (somos profesionales certificados en <strong>Google AdWords</strong> y <strong>Facebook developers</strong>).</span></h4>
<h4><span style="color: #808080;">Optimizamos tu inversión publicitaria, gestionando el público, los anuncios y el medio, te asesoramos cuál de las variantes de Google te conviene más, <strong>SEM</strong>, <strong>SEO</strong>, <strong>PPC</strong>, <strong>Remarketing</strong> o <strong>Display</strong>; Siempre asesorado por profesionales certificado por Google AdWords.</span><br />
<span style="color: #808080;"><br />
Para lograr el impacto grafico necesario, nuestro equipo está compuesto por <strong>técnicos</strong> y <strong>licenciados en diseño</strong> y comunicación visual, con amplia experiencia en Publicidad Digitales.</span></h4>
<p>[/vc_column_text][/vc_column][vc_column width=»1/6&#8243;][/vc_column][/vc_row][vc_row el_id=»csm»][vc_column][vc_empty_space][vc_separator style=»shadow» el_width=»70&#8243;][vc_empty_space height=»15px»][/vc_column][/vc_row][vc_row][vc_column width=»1/6&#8243;][/vc_column][vc_column width=»1/6&#8243;][vc_single_image image=»806&#8243; alignment=»center» css_animation=»top-to-bottom»][/vc_column][vc_column width=»1/2&#8243;][vc_column_text css_animation=»top-to-bottom»]</p>
<h3><span style="color: #808080;">Contenido Social Media</span></h3>
<p>&nbsp;</p>
<h4 style="text-align: left;"><span style="color: #808080;">Con nuestro equipo especializado en <strong>Creatividad</strong> y <strong>Diseño Digital</strong>, No solo desarrollamos las piezas para las redes sociales que necesites, También generamos las acciones creativas necesarias, porque como ya sabes cada red social tiene su formato y lenguaje propio. </span></h4>
<p>[/vc_column_text][vc_btn title=»Ver Portfolio» style=»outline» color=»primary» css_animation=»top-to-bottom» link=»url:http%3A%2F%2Fagenciafan.com.ar%2F2016%2Fportfolio%2F%23cd|||»][/vc_column][vc_column width=»1/6&#8243;][/vc_column][/vc_row][vc_row el_id=»im»][vc_column][vc_empty_space][vc_separator style=»shadow» el_width=»70&#8243;][vc_empty_space height=»15px»][/vc_column][/vc_row][vc_row][vc_column width=»1/6&#8243;][/vc_column][vc_column width=»1/6&#8243;][vc_single_image image=»811&#8243; alignment=»center» css_animation=»top-to-bottom»][/vc_column][vc_column width=»1/2&#8243;][vc_column_text css_animation=»top-to-bottom»]</p>
<h3><span style="color: #808080;">Imagen de Marca</span></h3>
<p>&nbsp;</p>
<h4><span style="color: #808080;">La imagen de marca es la percepción de la identidad de la marca en los consumidores y se puede definir como: “El conjunto de representaciones mentales, tanto cognitivas como afectivas, que una persona o un grupo de personas tiene frente a una marca o una empresa.</span></h4>
<h4><span style="color: #808080;">Se compone de un conjunto de elementos tangibles e intangibles, estos elementos pueden ser el nombre, logo, color corporativo, diseño o los contenidos que genera la marca para transmitir los valores que las caracterizan.</span></h4>
<h4><span style="color: #808080;">Hoy en día, la calidad de los productos y servicios que ofrece una empresa es importante, pero lo que hace a una marca diferenciarse de la competencia son las emociones, sentimientos y valores que transmiten a través de la imagen de marca, estrategia y branding.</span></h4>
<h4><span style="color: #808080;">Al fin y al cabo, ya no se venden solo productos, sino sensaciones, experiencias y soluciones.</span></h4>
<p>[/vc_column_text][vc_btn title=»Ver Portfolio» style=»outline» color=»warning» css_animation=»top-to-bottom» link=»url:http%3A%2F%2Fagenciafan.com.ar%2F2016%2Fportfolio%2F%23im|||»][/vc_column][vc_column width=»1/6&#8243;][/vc_column][/vc_row][vc_row][vc_column][vc_empty_space height=»128px»][/vc_column][/vc_row]</p>

<p>[vc_row][vc_column][vc_empty_space][/vc_column][/vc_row][vc_row el_id=»to»][vc_column width=»1/3&#8243;][vc_column_text css_animation=»top-to-bottom»] Hacemos [/vc_column_text][/vc_column][vc_column width=»1/3&#8243;][/vc_column][vc_column width=»1/3&#8243;][/vc_column][/vc_row][vc_row][vc_column width=»1/6&#8243;][/vc_column][vc_column width=»1/6&#8243;][vc_single_image image=»809&#8243; alignment=»center» css_animation=»top-to-bottom»][/vc_column][vc_column width=»1/2&#8243;][vc_column_text css_animation=»top-to-bottom»] Tienda Online &nbsp; Diseñamos y ponemos en marcha tu Tienda Online [&hellip;]</p>
